0 divide 2640?
True
Is 25 a factor of 818?
False
Is 72 a factor of 17063?
False
Is 60083 a multiple of 8?
False
Is 5115 a multiple of 15?
True
Does 14 divide 2296?
True
Does 10 divide 385?
False
Is 48 a factor of 510?
False
Does 100 divide 3602?
False
Is 312 a multiple of 13?
True
Is 4 a factor of 8869?
False
Is 32018 a multiple of 40?
False
Does 12 divide 2584?
False
Does 4 divide 1038?
False
Is 28 a factor of 536?
False
Is 3196 a multiple of 94?
True
Is 47 a factor of 17766?
True
Does 7 divide 371?
True
Is 41 a factor of 9228?
False
Does 11 divide 33?
True
Does 7 divide 1117?
False
Is 25 a factor of 60200?
True
Is 40403 a multiple of 94?
False
Does 22 divide 119?
False
Is 23 a factor of 4387?
False
Is 2544 a multiple of 24?
True
Is 8 a factor of 49521?
False
Is 98 a multiple of 7?
True
Does 44 divide 10109?
False
Is 3843 a multiple of 9?
True
Is 460 a multiple of 5?
True
Is 1738 a multiple of 22?
True
Is 11 a factor of 5819?
True
Does 16 divide 544?
True
Is 7318 a multiple of 11?
False
Is 2882 a multiple of 36?
False
Is 34 a factor of 4114?
True
Is 2 a factor of 7457?
False
Is 7747 a multiple of 184?
False
Is 13486 a multiple of 11?
True
Is 25 a factor of 3214?
False
Is 7 a factor of 4368?
True
Does 8 divide 67?
False
Is 2 a factor of 646?
True
Does 2 divide 33?
False
Does 59 divide 177?
True
Is 17 a factor of 952?
True
Does 11 divide 1643?
False
Is 31 a factor of 1779?
False
Is 10 a factor of 700?
True
Is 13 a factor of 417?
False
Is 16434 a multiple of 22?
True
Is 22 a factor of 109?
False
Does 48 divide 528?
True
Is 728 a multiple of 8?
True
Is 385 a factor of 6829?
False
Is 765 a multiple of 45?
True
Does 52 divide 10630?
False
Is 4 a factor of 578?
False
Does 43 divide 1711?
False
Is 900 a multiple of 18?
True
Is 107 a factor of 25514?
False
Is 7022 a multiple of 5?
False
Does 26 divide 3120?
True
Is 51912 a multiple of 126?
True
Does 5 divide 1943?
False
Is 63319 a multiple of 15?
False
Does 17 divide 4439?
False
Is 20 a factor of 2825?
False
Is 2 a factor of 619?
False
Does 106 divide 4240?
True
Is 7 a multiple of 2?
False
Is 25788 a multiple of 42?
True
Does 90 divide 7200?
True
Is 189 a multiple of 3?
True
Is 10 a factor of 330?
True
Is 14 a factor of 35869?
False
Is 43030 a multiple of 40?
False
Does 76 divide 3572?
True
Is 22 a factor of 1859?
False
Is 56 a factor of 2968?
True
Does 18 divide 21759?
False
Is 10 a factor of 15749?
False
Is 2097 a multiple of 49?
False
Is 45 a factor of 31028?
False
Is 604 a multiple of 45?
False
Is 39 a factor of 4069?
False
Is 4052 a multiple of 34?
False
Is 135 a factor of 52872?
False
Is 6 a factor of 12?
True
Is 47 a factor of 940?
True
Does 17 divide 89998?
True
Is 21510 a multiple of 18?
True
Is 9 a factor of 576?
True
Is 752 a multiple of 13?
False
Does 221 divide 20774?
True
Is 88044 a multiple of 126?
False
Does 14 divide 49514?
False
Is 1403 a multiple of 62?
False
Is 5035 a multiple of 19?
True
Does 25 divide 2975?
True
Does 13 divide 789?
False
Is 129 a factor of 645?
True
Is 1956 a multiple of 13?
False
Is 12 a factor of 4284?
True
Is 11 a factor of 48076?
False
Does 180 divide 12459?
False
Does 7 divide 12020?
False
Is 4 a factor of 21?
False
Is 15 a factor of 36302?
False
Is 8729 a multiple of 43?
True
Is 924 a multiple of 42?
True
Does 131 divide 6171?
False
Is 426 a multiple of 6?
True
Is 51560 a multiple of 147?
False
Does 17 divide 6545?
True
Is 15 a factor of 75?
True
Is 7 a factor of 303?
False
Is 36 a multiple of 12?
True
Is 667 a multiple of 5?
False
Is 418 a multiple of 11?
True
Is 90312 a multiple of 426?
True
Is 84 a factor of 1596?
True
Does 158 divide 8374?
True
Does 14 divide 1313?
False
Does 21 divide 972?
False
Is 27 a factor of 1512?
True
Does 29 divide 1538?
False
Does 7 divide 466?
False
Does 97 divide 6480?
False
Is 2535 a multiple of 58?
False
Is 16560 a multiple of 20?
True
Does 7 divide 19991?
False
Is 1391 a multiple of 9?
False
Does 6 divide 34752?
True
Does 27 divide 1458?
True
Is 33 a factor of 15123?
False
Does 22 divide 220?
True
Does 7 divide 5860?
False
Is 2147 a multiple of 18?
False
Is 11 a factor of 2400?
False
Does 16 divide 624?
True
Is 2268 a multiple of 28?
True
Is 18662 a multiple of 62?
True
Is 51430 a multiple of 27?
False
Does 27 divide 2083?
False
Is 16 a factor of 34918?
False
Does 75 divide 15600?
True
Is 156 a factor of 11958?
False
Is 82 a factor of 13858?
True
Is 38 a factor of 229?
False
Does 9 divide 17753?
False
Does 25 divide 500?
True
Is 41 a factor of 410?
True
Does 44 divide 2382?
False
Is 19 a factor of 18696?
True
Does 9 divide 324?
True
Does 196 divide 39592?
True
Is 418 a factor of 2926?
True
Does 19 divide 3189?
False
Does 22 divide 924?
True
Is 7 a factor of 3031?
True
Is 72 a factor of 29808?
True
Is 30 a factor of 14445?
False
Is 27113 a multiple of 79?
False
Does 5 divide 814?
False
Does 5 divide 40987?
False
Is 27 a factor of 10359?
False
Is 30800 a multiple of 24?
False
Is 10 a factor of 70188?
False
Does 3 divide 1048?
False
Is 5 a factor of 1300?
True
Is 5 a factor of 430?
True
Is 12893 a multiple of 27?
False
Is 53 a factor of 1570?
False
Does 14 divide 769?
False
Is 405 a multiple of 5?
True
Is 11698 a multiple of 127?
False
Is 10241 a multiple of 13?
False
Is 4635 a multiple of 9?
True
Is 22 a factor of 30272?
True
Is 134 a factor of 6432?
True
Does 10 divide 106?
False
Does 17 divide 918?
True
Is 42 a factor of 7137?
False
Is 634 a multiple of 59?
False
Is 1771 a multiple of 17?
False
Does 73 divide 2411?
False
Does 21 divide 6930?
True
Does 20 divide 12547?
False
Is 20786 a multiple of 11?
False
Is 23 a factor of 16242?
False
Is 75 a multiple of 4?
False
Does 19 divide 30134?
True
Is 13 a factor of 2760?
False
Is 393 a multiple of 15?
False
Is 12693 a multiple of 26?
False
Is 14868 a multiple of 59?
True
Is 55 even?
False
Is 1560 a multiple of 65?
True
Is 6903 a multiple of 22?
False
Is 61 a factor of 43981?
True
Is 15 a factor of 388?
False
Is 27237 a multiple of 171?
False
Is 780 a multiple of 13?
True
Is 158 a factor of 14667?
False
Is 6 a factor of 150?
True
Is 11 a factor of 33634?
False
Does 59 divide 3173?
False
Is 30 a factor of 56220?
True
Does 16 divide 2697?
False
Does 4 divide 1098?
False
Is 18 a factor of 3222?
True
Is 52 a multiple of 26?
True
Is 122 a multiple of 9?
False
Does 249 divide 73704?
True
Is 11455 a multiple of 18?
False
Is 63 a factor of 882?
True
Is 87 a multiple of 4?
False
Is 24894 a multiple of 17?
False
Does 27 divide 7695?
True
Does 12 divide 488?
False
Does 436 divide 10028?
True
Does 19 divide 254?
False
Is 2326 a multiple of 15?
False
Is 1000 a multiple of 20?
True
Does 33 divide 5973?
True
Is 3 a factor of 95?
False
Does 5 divide 149?
False
Does 40 divide 1207?
False
Is 37899 a multiple of 9?
True
Is 48000 a multiple of 40?
True
Is 12 a factor of 869?
False
Is 5250 a multiple of 4?
False
Is 53 a factor of 901?
True
Is 2443 a multiple of 10?
False
Does 9 divide 592?
False
Does 14 divide 37089?
False
Is 205 a multiple of 22?
False
Does 21 divide 16485?
True
Does 37 divide 5701?
False
Is 147 a factor of 15582?
True
Is 26 a factor of 671?
False
Is 19 a factor of 9809?
False
Is 11 a factor of 2068?
True
Is 10 a factor of 2755?
False
Is 1122 a multiple of 6?
True
Is 733 a multiple of 35?
False
Does 4 divide 3546?
False
Does 71 divide 20170?
False
Is 73 a factor of 1113?
False
Does 23 divide 915?
False
Is 3607 a multiple of 12?
False
Does 3 divide 3871?
False
Does 70 divide 6650?
True
Is 507 a multiple of 19?
False
Is 7110 a multiple of 15?
True
Is 300 a multiple of 20?
True
Is 23 a factor of 483?
True
Is 726 a multiple of 11?
True
Is 41180 a multiple of 16?
False
Does 19 divide 9799?
False
Does 66 divide 31680?
True
Is 4719 a multiple of 11?
True
Is 18 a factor of 98580?
False
Does 16 divide 55955?
False
Is 86 a factor of 16068?
False
Is 3 a factor of 17796?
True
Is 379 a multiple of 3?
False
Does 15 divide 729?
False
Does 15 divide 41318?
False
Does 23 divide 1311?
True
Does 30 divide 7727?
False
Is 65 a factor of 455?
True
Is 8620 a multiple of 20?
True
Is 9411 a multiple of 113?
False
Does 7 divide 394?
False
Is 34 a factor of 501?
False
Is 293 a multiple of 43?
False
Does 14 divide 28?
True
Is 4257 a multiple of 11?
True
Does 9 divide 5544?
True
Is 4119 a multiple of 28?
F